 x = -30. List the prime factors of x.
2, 5
What are the prime factors of (-514)/(-4) - (-6 + 33/6)?
3, 43
Let f(o) be the second derivative of o**3/6 + 13*o**2 - 4*o. List the prime factors of f(0).
2, 13
Let m = 4 - -16. Suppose -m = 4*x, 2*c = 5*c - 4*x - 182. What are the prime factors of c?
2, 3
Let k(l) = 6*l**2 - l - 1. Suppose -4*u = 5*s + 4 + 11, 5*u = 0. Let d = s - -2. List the prime factors of k(d).
2, 3
Let k be (-2)/8 - (-17)/4. Suppose -k*o = r - 9, 5*r + 3 = -2*o + 2*r. List the prime factors of o.
3
Let n(g) = 2*g**2 + 3*g. Let z be n(3). Let o be (-3)/3 - (2 - z). Suppose 2*b = 4*b - o. List the prime factors of b.
2, 3
Let g(m) = m**3 + 5*m**2 - 3*m + 1. Let t be g(-5). Suppose -3*l = l - t. List the prime factors of l.
2
Let q(k) = k + 42. What are the prime factors of q(16)?
2, 29
Suppose s - 1 = 4. List the prime factors of s.
5
Let a = 11 - 9. Suppose i = -a*i. Let n(g) = -g**3 + g**2 + g + 16. What are the prime factors of n(i)?
2
Suppose a + x - 14 = 3, 3*x + 29 = a. List the prime factors of a.
2, 5
Let a be (-130)/(-2) - 6/3. Let h be 2/(-3)*a/(-14). Suppose -45 = -2*g - h*g. What are the prime factors of g?
3
Let t = 97 - 92. What are the prime factors of t?
5
Suppose -c = -z - 5, -z + 6*z - 2*c + 10 = 0. Let v = z - 0. Suppose v = -4*k + 6 + 22. What are the prime factors of k?
7
Let k be (-2)/(((-10)/(-12))/(-5)). Let s = -20 + k. Let g = s + 18. What are the prime factors of g?
2, 5
Let u(b) = 22*b + 1. Suppose 4*f + 1 = 2*o - o, 3 = 3*o - 3*f. Let i be u(o). Let d = -13 + i. List the prime factors of d.
2, 5
What are the prime factors of (-2 + 4)/(10/805)?
7, 23
Suppose 2*f - 47 = -3*k, 3*f = 5*k - 0*f - 91. List the prime factors of k.
17
Let y(b) = 2*b**3 - 9*b**2 + b - 4. Let o be y(6). What are the prime factors of (-328)/(-11) + 20/o?
2, 3, 5
Let k(d) be the third derivative of -d**5/60 + d**4/24 + 2*d**3/3 + 2*d**2. Let a be k(3). What are the prime factors of a/(-8) + (-46)/(-8)?
2, 3
Let k be 1/(-4) + (-231)/(-28). Suppose k = -2*s + 6*s. What are the prime factors of (-1)/s + 69/6?
11
Let d = 115 + -70. List the prime factors of d.
3, 5
Let n = 1 + 3. Suppose 0 = -5*k - n*b - 103, 3*k + 53 = 4*b - 2*b. Let y = -6 - k. List the prime factors of y.
13
Suppose 0*q = 4*q + 16. List the prime factors of (-43)/q + 1/4.
11
Let r(v) = -v**2 - 7*v - 1. Let t(z) = -z**3 - 4*z**2 + 2*z + 2. Let j be t(-4). Let c be r(j). Suppose c*y = 2*y + 33. What are the prime factors of y?
11
Let j(n) = -n**2 + 6*n - 4. Let t be j(4). Let r(f) = -6*f + 3. Let g(b) = 7*b - 4. Let s(i) = -2*g(i) - 3*r(i). What are the prime factors of s(t)?
3, 5
Let o(z) = -z**2 - 8*z - 8. Let f be o(-6). Suppose c + c + f = 0. Let v(q) = -3*q**3 + 2*q + 1. What are the prime factors of v(c)?
3, 7
Let w = 2 - 0. Let i be (-6)/(-4) - w/(-4). Suppose i = -2*r + 3*r. What are the prime factors of r?
2
Let h(u) = -u**3 - 7*u**2 - 5*u + 20. List the prime factors of h(-7).
5, 11
Suppose -10 = -5*a - 0. Suppose 0 = 3*s + 2*o - 53, 87 = -a*s + 7*s + 4*o. List the prime factors of s.
19
Let q = 14 + -5. List the prime factors of q.
3
Suppose -3 = -2*n + 1. Suppose p - 45 = -n*p. What are the prime factors of p?
3, 5
Suppose -3*o = 4*m - 271, -5*o + 558 = 4*m + 101. List the prime factors of o.
3, 31
Let x(z) = 10*z + 2. Let f be x(2). Let b = -9 + f. List the prime factors of b.
13
Let h(a) = -a**2 + 7*a + 8. Let f be h(6). Suppose 0 = z - 6 - 4. Let r = f + z. List the prime factors of r.
2, 3
Suppose -45 = -5*g + 40. Let o = 22 - g. List the prime factors of o.
5
Let d(k) = 9*k + 1. Let u be d(-2). What are the prime factors of u/(-3) + 6/(-9)?
5
Let q be -20 - -16 - -1*84. Suppose 5*r - q = -5*d, r + 2*d + 3 = 15. List the prime factors of r.
2, 5
Suppose 0 = s + j - 6, 2 = 5*s - 2*j - 0. Suppose 2*x + 25 = s*v - 5, -2*v + 35 = -3*x. What are the prime factors of v?
2, 5
Let a(g) be the second derivative of -1/3*g**3 - 3*g + 5/2*g**2 + 0. What are the prime factors of a(-4)?
13
Suppose 2*g = b - 2*b + 15, -4*g - 30 = -2*b. Let o be (-2 + 3)*(-75)/(-3). Let w = o - b. What are the prime factors of w?
2, 5
Let h(g) = g**3 - 7*g**2 - 17*g - 6. What are the prime factors of h(9)?
3
Suppose -51 = 6*a - 645. List the prime factors of a.
3, 11
Suppose -5*g + g = 0. Suppose -v + 4 = -g. What are the prime factors of v?
2
Let p(v) = v**2 + 8*v - 7. Let x be p(-9). Suppose 4*h + 10 = j, 3*j = -2*h - 0*h + x. List the prime factors of j.
2
Let g = -47 - -160. List the prime factors of g.
113
Suppose b + b + 16 = 0. Let d = 13 + b. Suppose d*w - 32 - 28 = 0. What are the prime factors of w?
2, 3
Suppose v = 2*v. Suppose 3*p - 7*p + 108 = v. What are the prime factors of p?
3
Let k = 65 + -106. Let p = 70 + k. List the prime factors of p.
29
Suppose 3*c + 240 = 7*c - v, -4*v + 16 = 0. List the prime factors of c.
61
Let y(q) = -q**3 + 6*q**2 + 3*q - 3. Let l be y(6). List the prime factors of (-6)/(-2) + l + 1.
19
Let y = -61 - -90. List the prime factors of y.
29
Suppose -4*f = -0*f - 28. What are the prime factors of f?
7
Suppose 0 = -w + z + 100, 3*z + 4 + 5 = 0. List the prime factors of w.
97
Suppose -2*o = -5 + 17. Let i = o + 8. What are the prime factors of i?
2
Suppose 3*r - 5*t = -1, 5*t = 3*r + r - 2. Suppose 0 = r*p - 12 - 3. List the prime factors of p.
5
Let u(w) = w**3 + w**2 + w + 50. List the prime factors of u(0).
2, 5
Let u be (-33)/22 - 9/(-2). Suppose d = -u*l - 3 - 0, 3*d = 4*l + 56. List the prime factors of d.
2, 3
Suppose 0 = -4*r + 24 - 108. Let x = r - -49. Suppose -a - 3*z + 20 = 6, -2*z + x = 2*a. List the prime factors of a.
2, 7
Let n(p) = -2 + 3*p**2 + 10*p + 2*p**2 - 6*p**2. Let y be n(6). Suppose -3*o + y = 4*x - 19, 38 = 4*o + 2*x. What are the prime factors of o?
7
Let u be -2 + 1 + 15 - 2. Suppose -t - u = -3*t. List the prime factors of t.
2, 3
List the prime factors of (28/14)/(2/11).
11
Suppose s + 130 = 3*s. What are the prime factors of s?
5, 13
Suppose 2*o - 427 = -5*s, 3*s + 174 = 5*s + 4*o. Let r = s + -59. List the prime factors of r.
2, 13
Let a(s) = 77*s + 8. List the prime factors of a(3).
239
Let a be ((-15)/4)/(10/(-40)). Let d = a - 2. List the prime factors of d.
13
Let x(n) = n**3 + 9*n**2 + 8*n + 3. Suppose 5*h = -2 - 3. Let a = h + -7. What are the prime factors of x(a)?
3
Suppose -5*g - 240 = -g. List the prime factors of (-25)/(-6) + 10/g.
2
Let h(o) = -o**2 - o - 1. Let n(b) = 5*b**2 + 3*b - 7. Let i(w) = 4*h(w) + n(w). What are the prime factors of i(8)?
3, 5
Suppose 11 + 4 = 5*r. List the prime factors of (-1)/r + 104/6.
17
Let z = 1 + 1. Suppose z*s + 1 = -3. Let k(x) = 4*x**2 + 2*x - 1. What are the prime factors of k(s)?
11
Let m = 21 - 39. Let i be 4/m + 60/27. Suppose -18 = -5*x - i*h, -5*x + 15 = 3*h + 2*h. List the prime factors of x.
2
Let a(k) = k + 17. Suppose 12*d = 11*d. What are the prime factors of a(d)?
17
Let u(o) = 2*o**2 - 8*o - 2. Let k be u(6). Let h = -5 + k. What are the prime factors of h?
17
Suppose -1 = -3*u + 5. Suppose -2*m = 3*x - 17, -5*m + 12 = u*x - 25. Let d = m + -4. What are the prime factors of d?
3
Suppose 5*b + i - 206 = 0, 2*i + 46 + 4 = b. Let y = -21 + b. What are the prime factors of y?
3, 7
Let y = 136 - 84. What are the prime factors of y?
2, 13
Let u(i) = 3*i**2 + 28*i - 20. What are the prime factors of u(-13)?
3, 41
Suppose 3*h = -3*x - 2*x + 20, 4 = x + 5*h. Let r be (x/6)/((-4)/(-6)). What are the prime factors of 45/9 + r*-1?
2
Suppose -4*i - 3*c - 4 = 7, 6 = i - c. List the prime factors of 12*i*(-3)/(-9).
2
Let i be ((-18)/(-15))/(4/10). Let t(c) = c**3 - c**2 - 2*c - 4. Let a be t(i). Let y = -1 + a. What are the prime factors of y?
7
Let h = -9 - -12. Suppose l - 11 = -n, -3*n + h*l - l = -8. What are the prime factors of n?
2, 3
Let t(f) = -f**3 + 6*f**2 - 4*f - 2. Let b be t(5). Suppose 2*i = 5*d - 61, i + 36 = b*d - 0*i. List the prime factors of d.
11
Let g = 7 + -2. Suppose g*k - 10 = -0*k. What are the prime factors of k?
2
Suppose -19 - 5 = -3*l. Let v(w) = -w + 8. Let f be v(l). Suppose -4*u - 4 = f, -t + 2*u + 15 = 1. List the prime factors of t.
2, 3
Suppose -2*t - 3*t - 2 = h, -5*t - 8 = -h. What are the prime factors of h*3/(-27)*-99?
3, 11
Let y(g) = 2*g**2 + 6*g + 5. Let k be y(-5). Suppose -k = -3*u + 5. List the prime factors of u